{"id":110,"date":"2017-11-11T17:20:44","date_gmt":"2017-11-11T16:20:44","guid":{"rendered":"http:\/\/127.0.0.1\/wordpress\/?page_id=110"},"modified":"2024-12-30T12:42:09","modified_gmt":"2024-12-30T11:42:09","slug":"qualifikation","status":"publish","type":"page","link":"https:\/\/ew-info.de\/?page_id=110","title":{"rendered":"Qualifikation"},"content":{"rendered":"<p><span style=\"text-decoration: underline; color: #0000ff;\"><span style=\"text-decoration: underline;\"><strong><a style=\"color: #0000ff; text-decoration: underline;\" href=\"https:\/\/ew-info.de\/wp-content\/uploads\/VDOE-Zertifikat-2025.pdf\">VDOE Zertifikat 2025<\/a><\/strong><\/span><\/span>, durchgehend seit 2001, gebunden an kontinuierliche <a href=\"https:\/\/www.vdoe.de\/zertifikate\/zertifikat-ernaehrungsberater-in-vdoe\/\" target=\"_blank\" rel=\"https:\/\/www.vdoe.de\/zertifikate\/zertifikat-ernaehrungsberater-in-vdoe\/ noopener noreferrer\"><img loading=\"lazy\" decoding=\"async\" class=\"alignright wp-image-191 size-full\" src=\"https:\/\/ew-info.de\/wp-content\/uploads\/ZertEBin_VDOE_Logo2014_Web.jpg\" alt=\"\" width=\"89\" height=\"72\" \/><\/a> Weiterbildung und Voraussetzung f\u00fcr qualifizierte Ern\u00e4hrungsberatung, an deren Kosten sich die Krankenkassen in unterschiedlichem Ausma\u00df beteiligen. Neu gibt es nun die Plattform <span style=\"text-decoration: underline;\"><a href=\"http:\/\/www.e-zert.de\"><span style=\"color: #0000ff;\"><strong>E-Zert f\u00fcr qualifizierte Ern\u00e4hrungsberatung und Ern\u00e4hrungstherapie e.V.<\/strong><\/span><\/a><\/span>, auf\u00a0 der sich verschiedene Berufsverb\u00e4nde f\u00fcr zertifizierte BeraterInnen zusammengeschlossen haben.<a href=\"https:\/\/e-zert.de\" target=\"_blank\" rel=\"noopener www.e-zert.de noreferrer\"><img loading=\"lazy\" decoding=\"async\" class=\"alignright wp-image-275\" src=\"https:\/\/ew-info.de\/wp-content\/uploads\/E-Zert_Zertifizierte-Fachkraft_vs-4-300x255.png\" alt=\"E-Zert-Logo\" width=\"92\" height=\"78\" srcset=\"https:\/\/ew-info.de\/wp-content\/uploads\/E-Zert_Zertifizierte-Fachkraft_vs-4-300x255.png 300w, https:\/\/ew-info.de\/wp-content\/uploads\/E-Zert_Zertifizierte-Fachkraft_vs-4.png 684w\" sizes=\"auto, (max-width: 92px) 100vw, 92px\" \/><\/a><\/p>\n<p>Weiterbildung zur <span style=\"text-decoration: underline;\"><span style=\"color: #3366ff;\"><strong><a style=\"color: #3366ff; text-decoration: underline;\" href=\"https:\/\/ew-info.de\/?page_id=169\" rel=\"noopener\">Leberfastenberaterin nach Dr. Worm<\/a><\/strong><\/span><\/span> (2016)<\/p>\n<p>Weiterbildung zur <span style=\"text-decoration: underline; color: #3366ff;\"><strong><a style=\"color: #3366ff; text-decoration: underline;\" href=\"https:\/\/www.jutta-kamensky.de\/ausbildung-zum-genusstrainer.html\" target=\"_blank\" rel=\"noopener noreferrer\">Genusstrainerin nach Kamensky<\/a><\/strong><\/span> (2014)<\/p>\n<p>Promotion an der <span style=\"text-decoration: underline;\"><strong><span style=\"color: #3366ff; text-decoration: underline;\"><a style=\"color: #3366ff; text-decoration: underline;\" href=\"http:\/\/www.tum.de\" target=\"_blank\" rel=\"noopener noreferrer\">TU M\u00fcnchen<\/a><\/span><\/strong><\/span> mit Auszeichung (1998)<\/p>\n<p>Studium der Erwachsenenp\u00e4dagogik an der <span style=\"text-decoration: underline;\"><strong><span style=\"color: #3366ff; text-decoration: underline;\"><a style=\"color: #3366ff; text-decoration: underline;\" href=\"https:\/\/www.hfph.de\/\" target=\"_blank\" rel=\"noopener noreferrer\">Hochschule f\u00fcr Philosophie M\u00fcnchen<\/a><\/span><\/strong><\/span> (Zertifikat 1996)<\/p>\n<p>Studium der Oecotrophologie an der TU M\u00fcnchen (Diplom 1992)<\/p>\n","protected":false},"excerpt":{"rendered":"<p>VDOE Zertifikat 2025, durchgehend seit 2001, gebunden an kontinuierliche Weiterbildung und Voraussetzung f\u00fcr qualifizierte Ern\u00e4hrungsberatung, an deren Kosten sich die Krankenkassen in unterschiedlichem Ausma\u00df beteiligen. Neu gibt es nun die &#8230;<\/p>\n","protected":false},"author":1,"featured_media":0,"parent":0,"menu_order":0,"comment_status":"closed","ping_status":"closed","template":"","meta":{"footnotes":""},"class_list":["post-110","page","type-page","status-publish","hentry"],"yoast_head":"<!-- This site is optimized with the Yoast SEO plugin v27.4 - https:\/\/yoast.com\/product\/yoast-seo-wordpress\/ -->\n<title>Qualifikation - Ern\u00e4hrungsberatung &amp; wissenschaftliche Information<\/title>\n<meta name=\"robots\" content=\"index, follow, max-snippet:-1, max-image-preview:large, max-video-preview:-1\" \/>\n<link rel=\"canonical\" href=\"https:\/\/ew-info.de\/?page_id=110\" \/>\n<meta property=\"og:locale\" content=\"de_DE\" \/>\n<meta property=\"og:type\" content=\"article\" \/>\n<meta property=\"og:title\" content=\"Qualifikation - Ern\u00e4hrungsberatung &amp; wissenschaftliche Information\" \/>\n<meta property=\"og:description\" content=\"VDOE Zertifikat 2025, durchgehend seit 2001, gebunden an kontinuierliche Weiterbildung und Voraussetzung f\u00fcr qualifizierte Ern\u00e4hrungsberatung, an deren Kosten sich die Krankenkassen in unterschiedlichem Ausma\u00df beteiligen. Neu gibt es nun die ...\" \/>\n<meta property=\"og:url\" content=\"https:\/\/ew-info.de\/?page_id=110\" \/>\n<meta property=\"og:site_name\" content=\"Ern\u00e4hrungsberatung &amp; wissenschaftliche Information\" \/>\n<meta property=\"article:modified_time\" content=\"2024-12-30T11:42:09+00:00\" \/>\n<meta property=\"og:image\" content=\"https:\/\/ew-info.de\/wp-content\/uploads\/ZertEBin_VDOE_Logo2014_Web.jpg\" \/>\n\t<meta property=\"og:image:width\" content=\"89\" \/>\n\t<meta property=\"og:image:height\" content=\"72\" \/>\n\t<meta property=\"og:image:type\" content=\"image\/jpeg\" \/>\n<meta name=\"twitter:card\" content=\"summary_large_image\" \/>\n<script type=\"application\/ld+json\" class=\"yoast-schema-graph\">{\"@context\":\"https:\\\/\\\/schema.org\",\"@graph\":[{\"@type\":\"WebPage\",\"@id\":\"https:\\\/\\\/ew-info.de\\\/?page_id=110\",\"url\":\"https:\\\/\\\/ew-info.de\\\/?page_id=110\",\"name\":\"Qualifikation - Ern\u00e4hrungsberatung &amp; wissenschaftliche Information\",\"isPartOf\":{\"@id\":\"https:\\\/\\\/ew-info.de\\\/#website\"},\"primaryImageOfPage\":{\"@id\":\"https:\\\/\\\/ew-info.de\\\/?page_id=110#primaryimage\"},\"image\":{\"@id\":\"https:\\\/\\\/ew-info.de\\\/?page_id=110#primaryimage\"},\"thumbnailUrl\":\"https:\\\/\\\/ew-info.de\\\/wp-content\\\/uploads\\\/ZertEBin_VDOE_Logo2014_Web.jpg\",\"datePublished\":\"2017-11-11T16:20:44+00:00\",\"dateModified\":\"2024-12-30T11:42:09+00:00\",\"breadcrumb\":{\"@id\":\"https:\\\/\\\/ew-info.de\\\/?page_id=110#breadcrumb\"},\"inLanguage\":\"de\",\"potentialAction\":[{\"@type\":\"ReadAction\",\"target\":[\"https:\\\/\\\/ew-info.de\\\/?page_id=110\"]}]},{\"@type\":\"ImageObject\",\"inLanguage\":\"de\",\"@id\":\"https:\\\/\\\/ew-info.de\\\/?page_id=110#primaryimage\",\"url\":\"https:\\\/\\\/ew-info.de\\\/wp-content\\\/uploads\\\/ZertEBin_VDOE_Logo2014_Web.jpg\",\"contentUrl\":\"https:\\\/\\\/ew-info.de\\\/wp-content\\\/uploads\\\/ZertEBin_VDOE_Logo2014_Web.jpg\",\"width\":89,\"height\":72},{\"@type\":\"BreadcrumbList\",\"@id\":\"https:\\\/\\\/ew-info.de\\\/?page_id=110#breadcrumb\",\"itemListElement\":[{\"@type\":\"ListItem\",\"position\":1,\"name\":\"Startseite\",\"item\":\"https:\\\/\\\/ew-info.de\\\/\"},{\"@type\":\"ListItem\",\"position\":2,\"name\":\"Qualifikation\"}]},{\"@type\":\"WebSite\",\"@id\":\"https:\\\/\\\/ew-info.de\\\/#website\",\"url\":\"https:\\\/\\\/ew-info.de\\\/\",\"name\":\"Ern\u00e4hrungsberatung wissenschaftliche Information\",\"description\":\"Ern\u00e4hrungsberatung und Ern\u00e4hrungstherapie\",\"publisher\":{\"@id\":\"https:\\\/\\\/ew-info.de\\\/#\\\/schema\\\/person\\\/324c7e122eef6719f6d03f9e19a193c2\"},\"potentialAction\":[{\"@type\":\"SearchAction\",\"target\":{\"@type\":\"EntryPoint\",\"urlTemplate\":\"https:\\\/\\\/ew-info.de\\\/?s={search_term_string}\"},\"query-input\":{\"@type\":\"PropertyValueSpecification\",\"valueRequired\":true,\"valueName\":\"search_term_string\"}}],\"inLanguage\":\"de\"},{\"@type\":[\"Person\",\"Organization\"],\"@id\":\"https:\\\/\\\/ew-info.de\\\/#\\\/schema\\\/person\\\/324c7e122eef6719f6d03f9e19a193c2\",\"name\":\"Daniela\",\"image\":{\"@type\":\"ImageObject\",\"inLanguage\":\"de\",\"@id\":\"https:\\\/\\\/ew-info.de\\\/wp-content\\\/uploads\\\/cropped-ewi_kl.gif\",\"url\":\"https:\\\/\\\/ew-info.de\\\/wp-content\\\/uploads\\\/cropped-ewi_kl.gif\",\"contentUrl\":\"https:\\\/\\\/ew-info.de\\\/wp-content\\\/uploads\\\/cropped-ewi_kl.gif\",\"width\":95,\"height\":116,\"caption\":\"Daniela\"},\"logo\":{\"@id\":\"https:\\\/\\\/ew-info.de\\\/wp-content\\\/uploads\\\/cropped-ewi_kl.gif\"},\"sameAs\":[\"https:\\\/\\\/ew-info.de\"]}]}<\/script>\n<!-- \/ Yoast SEO plugin. -->","yoast_head_json":{"title":"Qualifikation - Ern\u00e4hrungsberatung &amp; wissenschaftliche Information","robots":{"index":"index","follow":"follow","max-snippet":"max-snippet:-1","max-image-preview":"max-image-preview:large","max-video-preview":"max-video-preview:-1"},"canonical":"https:\/\/ew-info.de\/?page_id=110","og_locale":"de_DE","og_type":"article","og_title":"Qualifikation - Ern\u00e4hrungsberatung &amp; wissenschaftliche Information","og_description":"VDOE Zertifikat 2025, durchgehend seit 2001, gebunden an kontinuierliche Weiterbildung und Voraussetzung f\u00fcr qualifizierte Ern\u00e4hrungsberatung, an deren Kosten sich die Krankenkassen in unterschiedlichem Ausma\u00df beteiligen. Neu gibt es nun die ...","og_url":"https:\/\/ew-info.de\/?page_id=110","og_site_name":"Ern\u00e4hrungsberatung &amp; wissenschaftliche Information","article_modified_time":"2024-12-30T11:42:09+00:00","og_image":[{"width":89,"height":72,"url":"https:\/\/ew-info.de\/wp-content\/uploads\/ZertEBin_VDOE_Logo2014_Web.jpg","type":"image\/jpeg"}],"twitter_card":"summary_large_image","schema":{"@context":"https:\/\/schema.org","@graph":[{"@type":"WebPage","@id":"https:\/\/ew-info.de\/?page_id=110","url":"https:\/\/ew-info.de\/?page_id=110","name":"Qualifikation - Ern\u00e4hrungsberatung &amp; wissenschaftliche Information","isPartOf":{"@id":"https:\/\/ew-info.de\/#website"},"primaryImageOfPage":{"@id":"https:\/\/ew-info.de\/?page_id=110#primaryimage"},"image":{"@id":"https:\/\/ew-info.de\/?page_id=110#primaryimage"},"thumbnailUrl":"https:\/\/ew-info.de\/wp-content\/uploads\/ZertEBin_VDOE_Logo2014_Web.jpg","datePublished":"2017-11-11T16:20:44+00:00","dateModified":"2024-12-30T11:42:09+00:00","breadcrumb":{"@id":"https:\/\/ew-info.de\/?page_id=110#breadcrumb"},"inLanguage":"de","potentialAction":[{"@type":"ReadAction","target":["https:\/\/ew-info.de\/?page_id=110"]}]},{"@type":"ImageObject","inLanguage":"de","@id":"https:\/\/ew-info.de\/?page_id=110#primaryimage","url":"https:\/\/ew-info.de\/wp-content\/uploads\/ZertEBin_VDOE_Logo2014_Web.jpg","contentUrl":"https:\/\/ew-info.de\/wp-content\/uploads\/ZertEBin_VDOE_Logo2014_Web.jpg","width":89,"height":72},{"@type":"BreadcrumbList","@id":"https:\/\/ew-info.de\/?page_id=110#breadcrumb","itemListElement":[{"@type":"ListItem","position":1,"name":"Startseite","item":"https:\/\/ew-info.de\/"},{"@type":"ListItem","position":2,"name":"Qualifikation"}]},{"@type":"WebSite","@id":"https:\/\/ew-info.de\/#website","url":"https:\/\/ew-info.de\/","name":"Ern\u00e4hrungsberatung wissenschaftliche Information","description":"Ern\u00e4hrungsberatung und Ern\u00e4hrungstherapie","publisher":{"@id":"https:\/\/ew-info.de\/#\/schema\/person\/324c7e122eef6719f6d03f9e19a193c2"},"potentialAction":[{"@type":"SearchAction","target":{"@type":"EntryPoint","urlTemplate":"https:\/\/ew-info.de\/?s={search_term_string}"},"query-input":{"@type":"PropertyValueSpecification","valueRequired":true,"valueName":"search_term_string"}}],"inLanguage":"de"},{"@type":["Person","Organization"],"@id":"https:\/\/ew-info.de\/#\/schema\/person\/324c7e122eef6719f6d03f9e19a193c2","name":"Daniela","image":{"@type":"ImageObject","inLanguage":"de","@id":"https:\/\/ew-info.de\/wp-content\/uploads\/cropped-ewi_kl.gif","url":"https:\/\/ew-info.de\/wp-content\/uploads\/cropped-ewi_kl.gif","contentUrl":"https:\/\/ew-info.de\/wp-content\/uploads\/cropped-ewi_kl.gif","width":95,"height":116,"caption":"Daniela"},"logo":{"@id":"https:\/\/ew-info.de\/wp-content\/uploads\/cropped-ewi_kl.gif"},"sameAs":["https:\/\/ew-info.de"]}]}},"_links":{"self":[{"href":"https:\/\/ew-info.de\/index.php?rest_route=\/wp\/v2\/pages\/110","targetHints":{"allow":["GET"]}}],"collection":[{"href":"https:\/\/ew-info.de\/index.php?rest_route=\/wp\/v2\/pages"}],"about":[{"href":"https:\/\/ew-info.de\/index.php?rest_route=\/wp\/v2\/types\/page"}],"author":[{"embeddable":true,"href":"https:\/\/ew-info.de\/index.php?rest_route=\/wp\/v2\/users\/1"}],"replies":[{"embeddable":true,"href":"https:\/\/ew-info.de\/index.php?rest_route=%2Fwp%2Fv2%2Fcomments&post=110"}],"version-history":[{"count":13,"href":"https:\/\/ew-info.de\/index.php?rest_route=\/wp\/v2\/pages\/110\/revisions"}],"predecessor-version":[{"id":280,"href":"https:\/\/ew-info.de\/index.php?rest_route=\/wp\/v2\/pages\/110\/revisions\/280"}],"wp:attachment":[{"href":"https:\/\/ew-info.de\/index.php?rest_route=%2Fwp%2Fv2%2Fmedia&parent=110"}],"curies":[{"name":"wp","href":"https:\/\/api.w.org\/{rel}","templated":true}]}}