{"id":17,"date":"2017-11-10T21:00:24","date_gmt":"2017-11-10T20:00:24","guid":{"rendered":"http:\/\/127.0.0.1\/wordpress\/?page_id=17"},"modified":"2025-03-19T12:10:05","modified_gmt":"2025-03-19T11:10:05","slug":"ernaehrungsberatung","status":"publish","type":"page","link":"https:\/\/ew-info.de\/?page_id=17","title":{"rendered":"Beratung"},"content":{"rendered":"<p><strong><a href=\"https:\/\/www.vdoe.de\/zertifikat-ernaehrungsberater.html\" target=\"_blank\" rel=\"noopener noreferrer\"><img loading=\"lazy\" decoding=\"async\" class=\"alignright wp-image-216 size-full\" src=\"https:\/\/ew-info.de\/wp-content\/uploads\/ZertEBin_VDOE_Logo2014_Web.jpg\" alt=\"Zertifikat VDOE\" width=\"89\" height=\"72\" \/><\/a>Individuelle Beratung (Pr\u00e4vention \u00a7 20 SGB V)\u00a0<\/strong><\/p>\n<ul>\n<li>Pr\u00e4vention von Fehl- und Mangelern\u00e4hrung<\/li>\n<li>Pr\u00e4vention von \u00dcbergewicht<\/li>\n<li>Ern\u00e4hrung in Schwangerschaft und Stillzeit<a href=\"https:\/\/e-zert.de\"><img loading=\"lazy\" decoding=\"async\" class=\"alignright wp-image-275\" src=\"https:\/\/ew-info.de\/wp-content\/uploads\/E-Zert_Zertifizierte-Fachkraft_vs-4-300x255.png\" alt=\"E-Zert-Logo\" width=\"101\" height=\"86\" srcset=\"https:\/\/ew-info.de\/wp-content\/uploads\/E-Zert_Zertifizierte-Fachkraft_vs-4-300x255.png 300w, https:\/\/ew-info.de\/wp-content\/uploads\/E-Zert_Zertifizierte-Fachkraft_vs-4.png 684w\" sizes=\"auto, (max-width: 101px) 100vw, 101px\" \/><\/a><\/li>\n<li>Ern\u00e4hrung im Alter<\/li>\n<li>Einf\u00fchrung von Beikost<\/li>\n<li>Ern\u00e4hrungsberatung im Kleinkindalter und Schulalter<\/li>\n<\/ul>\n","protected":false},"excerpt":{"rendered":"<p>Individuelle Beratung (Pr\u00e4vention \u00a7 20 SGB V)\u00a0 Pr\u00e4vention von Fehl- und Mangelern\u00e4hrung Pr\u00e4vention von \u00dcbergewicht Ern\u00e4hrung in Schwangerschaft und Stillzeit Ern\u00e4hrung im Alter Einf\u00fchrung von Beikost Ern\u00e4hrungsberatung im Kleinkindalter und &#8230;<\/p>\n","protected":false},"author":1,"featured_media":0,"parent":0,"menu_order":0,"comment_status":"closed","ping_status":"closed","template":"","meta":{"footnotes":""},"class_list":["post-17","page","type-page","status-publish","hentry"],"yoast_head":"<!-- This site is optimized with the Yoast SEO plugin v27.4 - https:\/\/yoast.com\/product\/yoast-seo-wordpress\/ -->\n<title>Beratung - Ern\u00e4hrungsberatung &amp; wissenschaftliche Information<\/title>\n<meta name=\"robots\" content=\"index, follow, max-snippet:-1, max-image-preview:large, max-video-preview:-1\" \/>\n<link rel=\"canonical\" href=\"https:\/\/ew-info.de\/?page_id=17\" \/>\n<meta property=\"og:locale\" content=\"de_DE\" \/>\n<meta property=\"og:type\" content=\"article\" \/>\n<meta property=\"og:title\" content=\"Beratung - Ern\u00e4hrungsberatung &amp; wissenschaftliche Information\" \/>\n<meta property=\"og:description\" content=\"Individuelle Beratung (Pr\u00e4vention \u00a7 20 SGB V)\u00a0 Pr\u00e4vention von Fehl- und Mangelern\u00e4hrung Pr\u00e4vention von \u00dcbergewicht Ern\u00e4hrung in Schwangerschaft und Stillzeit Ern\u00e4hrung im Alter Einf\u00fchrung von Beikost Ern\u00e4hrungsberatung im Kleinkindalter und ...\" \/>\n<meta property=\"og:url\" content=\"https:\/\/ew-info.de\/?page_id=17\" \/>\n<meta property=\"og:site_name\" content=\"Ern\u00e4hrungsberatung &amp; wissenschaftliche Information\" \/>\n<meta property=\"article:modified_time\" content=\"2025-03-19T11:10:05+00:00\" \/>\n<meta property=\"og:image\" content=\"https:\/\/ew-info.de\/wp-content\/uploads\/ZertEBin_VDOE_Logo2014_Web.jpg\" \/>\n<meta name=\"twitter:card\" content=\"summary_large_image\" \/>\n<script type=\"application\/ld+json\" class=\"yoast-schema-graph\">{\"@context\":\"https:\\\/\\\/schema.org\",\"@graph\":[{\"@type\":\"WebPage\",\"@id\":\"https:\\\/\\\/ew-info.de\\\/?page_id=17\",\"url\":\"https:\\\/\\\/ew-info.de\\\/?page_id=17\",\"name\":\"Beratung - Ern\u00e4hrungsberatung &amp; wissenschaftliche Information\",\"isPartOf\":{\"@id\":\"https:\\\/\\\/ew-info.de\\\/#website\"},\"primaryImageOfPage\":{\"@id\":\"https:\\\/\\\/ew-info.de\\\/?page_id=17#primaryimage\"},\"image\":{\"@id\":\"https:\\\/\\\/ew-info.de\\\/?page_id=17#primaryimage\"},\"thumbnailUrl\":\"https:\\\/\\\/ew-info.de\\\/wp-content\\\/uploads\\\/ZertEBin_VDOE_Logo2014_Web.jpg\",\"datePublished\":\"2017-11-10T20:00:24+00:00\",\"dateModified\":\"2025-03-19T11:10:05+00:00\",\"breadcrumb\":{\"@id\":\"https:\\\/\\\/ew-info.de\\\/?page_id=17#breadcrumb\"},\"inLanguage\":\"de\",\"potentialAction\":[{\"@type\":\"ReadAction\",\"target\":[\"https:\\\/\\\/ew-info.de\\\/?page_id=17\"]}]},{\"@type\":\"ImageObject\",\"inLanguage\":\"de\",\"@id\":\"https:\\\/\\\/ew-info.de\\\/?page_id=17#primaryimage\",\"url\":\"https:\\\/\\\/ew-info.de\\\/wp-content\\\/uploads\\\/ZertEBin_VDOE_Logo2014_Web.jpg\",\"contentUrl\":\"https:\\\/\\\/ew-info.de\\\/wp-content\\\/uploads\\\/ZertEBin_VDOE_Logo2014_Web.jpg\",\"width\":89,\"height\":72},{\"@type\":\"BreadcrumbList\",\"@id\":\"https:\\\/\\\/ew-info.de\\\/?page_id=17#breadcrumb\",\"itemListElement\":[{\"@type\":\"ListItem\",\"position\":1,\"name\":\"Startseite\",\"item\":\"https:\\\/\\\/ew-info.de\\\/\"},{\"@type\":\"ListItem\",\"position\":2,\"name\":\"Beratung\"}]},{\"@type\":\"WebSite\",\"@id\":\"https:\\\/\\\/ew-info.de\\\/#website\",\"url\":\"https:\\\/\\\/ew-info.de\\\/\",\"name\":\"Ern\u00e4hrungsberatung wissenschaftliche Information\",\"description\":\"Ern\u00e4hrungsberatung und Ern\u00e4hrungstherapie\",\"publisher\":{\"@id\":\"https:\\\/\\\/ew-info.de\\\/#\\\/schema\\\/person\\\/324c7e122eef6719f6d03f9e19a193c2\"},\"potentialAction\":[{\"@type\":\"SearchAction\",\"target\":{\"@type\":\"EntryPoint\",\"urlTemplate\":\"https:\\\/\\\/ew-info.de\\\/?s={search_term_string}\"},\"query-input\":{\"@type\":\"PropertyValueSpecification\",\"valueRequired\":true,\"valueName\":\"search_term_string\"}}],\"inLanguage\":\"de\"},{\"@type\":[\"Person\",\"Organization\"],\"@id\":\"https:\\\/\\\/ew-info.de\\\/#\\\/schema\\\/person\\\/324c7e122eef6719f6d03f9e19a193c2\",\"name\":\"Daniela\",\"image\":{\"@type\":\"ImageObject\",\"inLanguage\":\"de\",\"@id\":\"https:\\\/\\\/ew-info.de\\\/wp-content\\\/uploads\\\/cropped-ewi_kl.gif\",\"url\":\"https:\\\/\\\/ew-info.de\\\/wp-content\\\/uploads\\\/cropped-ewi_kl.gif\",\"contentUrl\":\"https:\\\/\\\/ew-info.de\\\/wp-content\\\/uploads\\\/cropped-ewi_kl.gif\",\"width\":95,\"height\":116,\"caption\":\"Daniela\"},\"logo\":{\"@id\":\"https:\\\/\\\/ew-info.de\\\/wp-content\\\/uploads\\\/cropped-ewi_kl.gif\"},\"sameAs\":[\"https:\\\/\\\/ew-info.de\"]}]}<\/script>\n<!-- \/ Yoast SEO plugin. -->","yoast_head_json":{"title":"Beratung - Ern\u00e4hrungsberatung &amp; wissenschaftliche Information","robots":{"index":"index","follow":"follow","max-snippet":"max-snippet:-1","max-image-preview":"max-image-preview:large","max-video-preview":"max-video-preview:-1"},"canonical":"https:\/\/ew-info.de\/?page_id=17","og_locale":"de_DE","og_type":"article","og_title":"Beratung - Ern\u00e4hrungsberatung &amp; wissenschaftliche Information","og_description":"Individuelle Beratung (Pr\u00e4vention \u00a7 20 SGB V)\u00a0 Pr\u00e4vention von Fehl- und Mangelern\u00e4hrung Pr\u00e4vention von \u00dcbergewicht Ern\u00e4hrung in Schwangerschaft und Stillzeit Ern\u00e4hrung im Alter Einf\u00fchrung von Beikost Ern\u00e4hrungsberatung im Kleinkindalter und ...","og_url":"https:\/\/ew-info.de\/?page_id=17","og_site_name":"Ern\u00e4hrungsberatung &amp; wissenschaftliche Information","article_modified_time":"2025-03-19T11:10:05+00:00","og_image":[{"url":"https:\/\/ew-info.de\/wp-content\/uploads\/ZertEBin_VDOE_Logo2014_Web.jpg","type":"","width":"","height":""}],"twitter_card":"summary_large_image","schema":{"@context":"https:\/\/schema.org","@graph":[{"@type":"WebPage","@id":"https:\/\/ew-info.de\/?page_id=17","url":"https:\/\/ew-info.de\/?page_id=17","name":"Beratung - Ern\u00e4hrungsberatung &amp; wissenschaftliche Information","isPartOf":{"@id":"https:\/\/ew-info.de\/#website"},"primaryImageOfPage":{"@id":"https:\/\/ew-info.de\/?page_id=17#primaryimage"},"image":{"@id":"https:\/\/ew-info.de\/?page_id=17#primaryimage"},"thumbnailUrl":"https:\/\/ew-info.de\/wp-content\/uploads\/ZertEBin_VDOE_Logo2014_Web.jpg","datePublished":"2017-11-10T20:00:24+00:00","dateModified":"2025-03-19T11:10:05+00:00","breadcrumb":{"@id":"https:\/\/ew-info.de\/?page_id=17#breadcrumb"},"inLanguage":"de","potentialAction":[{"@type":"ReadAction","target":["https:\/\/ew-info.de\/?page_id=17"]}]},{"@type":"ImageObject","inLanguage":"de","@id":"https:\/\/ew-info.de\/?page_id=17#primaryimage","url":"https:\/\/ew-info.de\/wp-content\/uploads\/ZertEBin_VDOE_Logo2014_Web.jpg","contentUrl":"https:\/\/ew-info.de\/wp-content\/uploads\/ZertEBin_VDOE_Logo2014_Web.jpg","width":89,"height":72},{"@type":"BreadcrumbList","@id":"https:\/\/ew-info.de\/?page_id=17#breadcrumb","itemListElement":[{"@type":"ListItem","position":1,"name":"Startseite","item":"https:\/\/ew-info.de\/"},{"@type":"ListItem","position":2,"name":"Beratung"}]},{"@type":"WebSite","@id":"https:\/\/ew-info.de\/#website","url":"https:\/\/ew-info.de\/","name":"Ern\u00e4hrungsberatung wissenschaftliche Information","description":"Ern\u00e4hrungsberatung und Ern\u00e4hrungstherapie","publisher":{"@id":"https:\/\/ew-info.de\/#\/schema\/person\/324c7e122eef6719f6d03f9e19a193c2"},"potentialAction":[{"@type":"SearchAction","target":{"@type":"EntryPoint","urlTemplate":"https:\/\/ew-info.de\/?s={search_term_string}"},"query-input":{"@type":"PropertyValueSpecification","valueRequired":true,"valueName":"search_term_string"}}],"inLanguage":"de"},{"@type":["Person","Organization"],"@id":"https:\/\/ew-info.de\/#\/schema\/person\/324c7e122eef6719f6d03f9e19a193c2","name":"Daniela","image":{"@type":"ImageObject","inLanguage":"de","@id":"https:\/\/ew-info.de\/wp-content\/uploads\/cropped-ewi_kl.gif","url":"https:\/\/ew-info.de\/wp-content\/uploads\/cropped-ewi_kl.gif","contentUrl":"https:\/\/ew-info.de\/wp-content\/uploads\/cropped-ewi_kl.gif","width":95,"height":116,"caption":"Daniela"},"logo":{"@id":"https:\/\/ew-info.de\/wp-content\/uploads\/cropped-ewi_kl.gif"},"sameAs":["https:\/\/ew-info.de"]}]}},"_links":{"self":[{"href":"https:\/\/ew-info.de\/index.php?rest_route=\/wp\/v2\/pages\/17","targetHints":{"allow":["GET"]}}],"collection":[{"href":"https:\/\/ew-info.de\/index.php?rest_route=\/wp\/v2\/pages"}],"about":[{"href":"https:\/\/ew-info.de\/index.php?rest_route=\/wp\/v2\/types\/page"}],"author":[{"embeddable":true,"href":"https:\/\/ew-info.de\/index.php?rest_route=\/wp\/v2\/users\/1"}],"replies":[{"embeddable":true,"href":"https:\/\/ew-info.de\/index.php?rest_route=%2Fwp%2Fv2%2Fcomments&post=17"}],"version-history":[{"count":6,"href":"https:\/\/ew-info.de\/index.php?rest_route=\/wp\/v2\/pages\/17\/revisions"}],"predecessor-version":[{"id":314,"href":"https:\/\/ew-info.de\/index.php?rest_route=\/wp\/v2\/pages\/17\/revisions\/314"}],"wp:attachment":[{"href":"https:\/\/ew-info.de\/index.php?rest_route=%2Fwp%2Fv2%2Fmedia&parent=17"}],"curies":[{"name":"wp","href":"https:\/\/api.w.org\/{rel}","templated":true}]}}